{"id":2202,"date":"2017-09-15T19:55:53","date_gmt":"2017-09-15T18:55:53","guid":{"rendered":"http:\/\/161.116.26.48\/investigadores\/grupos-investigacion-ub\/psicosao\/"},"modified":"2021-03-08T14:08:00","modified_gmt":"2021-03-08T12:08:00","slug":"psicosao","status":"publish","type":"page","link":"https:\/\/www.fbg.ub.edu\/es\/investigadores\/grupos-investigacion-ub\/psicosao\/","title":{"rendered":"PsicoSAO  Grup de recerca en Psicologia Social, Ambiental i Organitzacional"},"content":{"rendered":"<h3>Presentaci\u00f3<\/h3>\n<p>El <strong>PsicoSAO <\/strong>es preocupa pel desenvolupament de coneixements i eines psicosocials per a l\u2019abordatge de necessitats i problemes socials candents. T\u00e9 com a objectiu millorar la qualitat de vida i el benestar social de les persones, grups i organitzacions. Est\u00e0 reconegut per la GENCAT (2014 SGR 992).<\/p>\n<h3>QU\u00c8 FEM<\/h3>\n<h3>L\u00ednies de recerca<\/h3>\n<ul>\n<li>G\u00e8nere, canvi i processos grupals<\/li>\n<li>Intervenci\u00f3 i gesti\u00f3 ambiental: persona, societat i organitzacions<\/li>\n<li>Auditoria del sistema hum\u00e0: organitzacions i RRHH<\/li>\n<li>Benestar social, felicitat i moviments socials<\/li>\n<\/ul>\n<h3>Serveis<\/h3>\n<ul>\n<li><strong>Mediaci\u00f3, gesti\u00f3 i resoluci\u00f3 de conflictes<\/strong><br \/>\n&#8211; Conflict Management<strong><br \/>\n<\/strong>&#8211; Avaluaci\u00f3 de programes<br \/>\n&#8211; G\u00e8nere i plans d\u2019igualtat<br \/>\n&#8211; Cultura, pol\u00edtica i migraci\u00f3<\/li>\n<li><strong>Gesti\u00f3 ambiental, comunicaci\u00f3 i participaci\u00f3 ciutadana<br \/>\n<\/strong>&#8211; Avaluaci\u00f3 ambiental estrat\u00e8gica i operativa<br \/>\n&#8211; Estudis de mobilitat sostenible<br \/>\n&#8211; Qualitat de vida i entorn urb\u00e0<\/li>\n<li><strong>Processos organitzacionals i gesti\u00f3 de persones, grups i equips<br \/>\n<\/strong>&#8211; Auditoria de persones, grups, equips i organitzacions (clima, comprom\u00eds, etc.)<br \/>\n&#8211; Plans de formaci\u00f3 <em>in company<br \/>\n<\/em>&#8211; Plans de comunicaci\u00f3 organitzacional<\/li>\n<li><strong>Gesti\u00f3 del temps<br \/>\n<\/strong>&#8211; Turisme i lleure sostenible<br \/>\n&#8211; Noves tecnologies<br \/>\n&#8211; Oci, temps lliure i qualitat de vida<\/li>\n<\/ul>\n<h3>PER A QUI TREBALLEM<\/h3>\n<h3>Sectors industrials<\/h3>\n<p>Institucions, administracions p\u00fabliques, economia social, educaci\u00f3, sanitat, TIC, turisme<\/p>\n<h3>Clients<\/h3>\n<p>Ajuntament de Barcelona, AGBAR, Diputaci\u00f3 de Barcelona, Generalitat de Catalunya, FAD Foments de les Arts i del Disseny, Fundaci\u00f3 Catalunya-La Pedrera, Hospital Cl\u00ednic de Barcelona, Institut Catal\u00e0 de les Dones, Fundaci\u00f3 Salut i Comunitat, Universit\u00e0 di Bologna, University of Portland, Universit\u00e9 de N\u00eemes, entre d\u2019altres.<\/p>\n<h3>RECERCA<\/h3>\n<h3><strong>Projectes de recerca<\/strong><\/h3>\n<ul>\n<li>2016 Social and Labor Adaptation of Syrian Refugees in Europe and Canada: A Multidiscoplinary and Cross-Cultural Project<\/li>\n<li>2015 PROHABIT: An\u00e1lisis multidisciplinar del entorno habitado para promover la aplicaci\u00f3n del derecho a la Ciudad<\/li>\n<\/ul>\n<h3><strong>Publicacions\u00a0 rellevants<\/strong><\/h3>\n<ul>\n<li>ROMEO, M. (2014). Perfil psicol\u00f3gico del acosador y de la v\u00edctima del acoso. En P. Rivas, y M.D. Garc\u00eda Valverde, Tratamiento integral del acoso (en prensa). Navarra: Thomson-Aranzadi.<\/li>\n<li>Pol, E.; Castrechini, A. (2017). Social representations, Environmental Psychology and uncertainty in communication: A commentary on Michel-Guillou et al.&#8217;s article.\u00a0Papers on Social Representations (PSR).Yepes-Bald\u00f3, M.; Boria-Reverter, S.; Romeo, M.; Torres, L. (2017).\u00a0Expertons and uncertain averaging operators versus correlational approaches: A case study on corporate social responsibility and effectiveness.\u00a0Kybernetes, 46,\u00a038-49.<\/li>\n<\/ul>\n","protected":false},"excerpt":{"rendered":"<p>Presentaci\u00f3 El PsicoSAO es preocupa pel desenvolupament de coneixements i eines psicosocials per a l\u2019abordatge de necessitats i problemes socials&#8230;<\/p>\n","protected":false},"author":1,"featured_media":11679,"parent":1469,"menu_order":0,"comment_status":"closed","ping_status":"closed","template":"page-grupsrecerca.php","meta":{"_acf_changed":false,"inline_featured_image":false,"_monsterinsights_skip_tracking":false,"_monsterinsights_sitenote_active":false,"_monsterinsights_sitenote_note":"","_monsterinsights_sitenote_category":0,"footnotes":""},"class_list":["post-2202","page","type-page","status-publish","has-post-thumbnail","hentry"],"acf":[],"_links":{"self":[{"href":"https:\/\/www.fbg.ub.edu\/es\/wp-json\/wp\/v2\/pages\/2202","targetHints":{"allow":["GET"]}}],"collection":[{"href":"https:\/\/www.fbg.ub.edu\/es\/wp-json\/wp\/v2\/pages"}],"about":[{"href":"https:\/\/www.fbg.ub.edu\/es\/wp-json\/wp\/v2\/types\/page"}],"author":[{"embeddable":true,"href":"https:\/\/www.fbg.ub.edu\/es\/wp-json\/wp\/v2\/users\/1"}],"replies":[{"embeddable":true,"href":"https:\/\/www.fbg.ub.edu\/es\/wp-json\/wp\/v2\/comments?post=2202"}],"version-history":[{"count":8,"href":"https:\/\/www.fbg.ub.edu\/es\/wp-json\/wp\/v2\/pages\/2202\/revisions"}],"predecessor-version":[{"id":11694,"href":"https:\/\/www.fbg.ub.edu\/es\/wp-json\/wp\/v2\/pages\/2202\/revisions\/11694"}],"up":[{"embeddable":true,"href":"https:\/\/www.fbg.ub.edu\/es\/wp-json\/wp\/v2\/pages\/1469"}],"wp:featuredmedia":[{"embeddable":true,"href":"https:\/\/www.fbg.ub.edu\/es\/wp-json\/wp\/v2\/media\/11679"}],"wp:attachment":[{"href":"https:\/\/www.fbg.ub.edu\/es\/wp-json\/wp\/v2\/media?parent=2202"}],"curies":[{"name":"wp","href":"https:\/\/api.w.org\/{rel}","templated":true}]}}

<h3>Presentació</h3>
<p>El <strong>PsicoSAO </strong>es preocupa pel desenvolupament de coneixements i eines psicosocials per a l’abordatge de necessitats i problemes socials candents. Té com a objectiu millorar la qualitat de vida i el benestar social de les persones, grups i organitzacions. Està reconegut per la GENCAT (2014 SGR 992).</p>
<h3>QUÈ FEM</h3>
<h3>Línies de recerca</h3>
<ul>
<li>Gènere, canvi i processos grupals</li>
<li>Intervenció i gestió ambiental: persona, societat i organitzacions</li>
<li>Auditoria del sistema humà: organitzacions i RRHH</li>
<li>Benestar social, felicitat i moviments socials</li>
</ul>
<h3>Serveis</h3>
<ul>
<li><strong>Mediació, gestió i resolució de conflictes</strong><br />
&#8211; Conflict Management<strong><br />
</strong>&#8211; Avaluació de programes<br />
&#8211; Gènere i plans d’igualtat<br />
&#8211; Cultura, política i migració</li>
<li><strong>Gestió ambiental, comunicació i participació ciutadana<br />
</strong>&#8211; Avaluació ambiental estratègica i operativa<br />
&#8211; Estudis de mobilitat sostenible<br />
&#8211; Qualitat de vida i entorn urbà</li>
<li><strong>Processos organitzacionals i gestió de persones, grups i equips<br />
</strong>&#8211; Auditoria de persones, grups, equips i organitzacions (clima, compromís, etc.)<br />
&#8211; Plans de formació <em>in company<br />
</em>&#8211; Plans de comunicació organitzacional</li>
<li><strong>Gestió del temps<br />
</strong>&#8211; Turisme i lleure sostenible<br />
&#8211; Noves tecnologies<br />
&#8211; Oci, temps lliure i qualitat de vida</li>
</ul>
<h3>PER A QUI TREBALLEM</h3>
<h3>Sectors industrials</h3>
<p>Institucions, administracions públiques, economia social, educació, sanitat, TIC, turisme</p>
<h3>Clients</h3>
<p>Ajuntament de Barcelona, AGBAR, Diputació de Barcelona, Generalitat de Catalunya, FAD Foments de les Arts i del Disseny, Fundació Catalunya-La Pedrera, Hospital Clínic de Barcelona, Institut Català de les Dones, Fundació Salut i Comunitat, Università di Bologna, University of Portland, Université de Nîmes, entre d’altres.</p>
<h3>RECERCA</h3>
<h3><strong>Projectes de recerca</strong></h3>
<ul>
<li>2016 Social and Labor Adaptation of Syrian Refugees in Europe and Canada: A Multidiscoplinary and Cross-Cultural Project</li>
<li>2015 PROHABIT: Análisis multidisciplinar del entorno habitado para promover la aplicación del derecho a la Ciudad</li>
</ul>
<h3><strong>Publicacions  rellevants</strong></h3>
<ul>
<li>ROMEO, M. (2014). Perfil psicológico del acosador y de la víctima del acoso. En P. Rivas, y M.D. García Valverde, Tratamiento integral del acoso (en prensa). Navarra: Thomson-Aranzadi.</li>
<li>Pol, E.; Castrechini, A. (2017). Social representations, Environmental Psychology and uncertainty in communication: A commentary on Michel-Guillou et al.&#8217;s article. Papers on Social Representations (PSR).Yepes-Baldó, M.; Boria-Reverter, S.; Romeo, M.; Torres, L. (2017). Expertons and uncertain averaging operators versus correlational approaches: A case study on corporate social responsibility and effectiveness. Kybernetes, 46, 38-49.</li>
</ul>

<p>Presentació El PsicoSAO es preocupa pel desenvolupament de coneixements i eines psicosocials per a l’abordatge de necessitats i problemes socials&#8230;</p>
