{"id":2192,"date":"2017-09-15T20:10:28","date_gmt":"2017-09-15T19:10:28","guid":{"rendered":"http:\/\/161.116.26.48\/investigadores\/grupos-investigacion-ub\/marqueting-investigacions-mercat\/"},"modified":"2022-04-11T07:57:41","modified_gmt":"2022-04-11T05:57:41","slug":"marqueting-investigacions-mercat","status":"publish","type":"page","link":"https:\/\/www.fbg.ub.edu\/es\/investigadores\/grupos-investigacion-ub\/marqueting-investigacions-mercat\/","title":{"rendered":"M\u00e0rqueting i investigacions de mercat"},"content":{"rendered":"<h3>Presentaci\u00f3<\/h3>\n<p>El\u00a0 grup de recerca en <em>M\u00e0rqueting i Investigacions de Mercats<\/em> de la Facultat d\u2019Economia i Empresa de la Universitat de Barcelona centra la seva activitat en la millora de l&#8217;aplicaci\u00f3 del m\u00e0rqueting a l&#8217;empresa mitjan\u00e7ant l&#8217;\u00fas de les noves tecnologies de la informaci\u00f3 i la comunicaci\u00f3 (TIC).<\/p>\n<h3>QU\u00c8 FEM<\/h3>\n<h4>Serveis<\/h4>\n<ul>\n<li><strong>Investigaci\u00f3 de mercats<\/strong> tan quantitatius (enquestes) com qualitatius (<em>focus group<\/em>).<\/li>\n<li><strong>Estudi del comportament de consumidors<\/strong>: an\u00e0lisi dels <em>insights <\/em>(motius de compra) fins a la comp Treball de confecci\u00f3 de la fitxa del producte.<\/li>\n<li><strong>An<\/strong><strong>\u00e0lisi de producte<\/strong>: <em>pac<\/em><em>kaging<\/em>, an\u00e0lisi de portafolis de producte<\/li>\n<li><strong><em>Branding <\/em><\/strong>(creaci\u00f3 de marques, posicionament, recerca en <em>co-branding<\/em>&#8230;).<\/li>\n<li><strong>T\u00e8cniques de co-creaci\u00f3<\/strong> de producte<\/li>\n<li><strong>Estudis de <em>customer relationship managment CRM<\/em><\/strong>(fidelitzaci\u00f3 de clients).<\/li>\n<li><strong>Estrat\u00e8gies de \u201c<em>pricing<\/em><\/strong>\u201d: an\u00e0lisi de costos, an\u00e0lisi de marges, estrat\u00e8gies i t\u00e8cniques de fixaci\u00f3 de preu<\/li>\n<li><strong>Estudi de distribuci\u00f3: <\/strong>diagn\u00f2stic i propostes de millora (canals de venda, <em>e-commerce<\/em>, multicanal, <em>merchandising<\/em>, etc).<\/li>\n<li><strong>Estrat\u00e8gies d\u2019internacionalitzaci\u00f3.<\/strong><\/li>\n<li><strong>Estrat\u00e8gies de comunicaci\u00f3:<\/strong> an\u00e0lisi de pressupost per invertir i par\u00e0metres per tal de definir una xifra, comunicaci\u00f3 digital (<em>online<\/em>), publicitat, m\u00e0rqueting directe, promoci\u00f3 de vendes, relacions p\u00fabliques, disseny del <em>briefing <\/em>i el pla de comunicaci\u00f3.<\/li>\n<li><strong>Comercialitzaci\u00f3:<\/strong> an\u00e0lisi de l\u2019equip comercial, an\u00e0lisi de llocs de treball, rendibilitat de la xarxes de vendes, formaci\u00f3 dels venedors, retribuci\u00f3 i motivaci\u00f3, t\u00e8cniques de lideratge d\u2019equips i <em>coaching<\/em>.<\/li>\n<\/ul>\n<p>&nbsp;<\/p>\n<h3>PER A QUI TREBALLEM<\/h3>\n<h4>Sectors industrials<\/h4>\n<p>M\u00e0rqueting i TICs a l\u2019empresa; m\u00e0rqueting social; gran consum; serveis industrials;\u00a0 productes industrials.<\/p>\n<p>El grup treballa en el disseny d\u2019una nova metodologia pel m\u00e0rqueting mitjan\u00e7ant l&#8217;\u00fas de les TICs i en l\u2019an\u00e0lisi de les possibilitats d\u2019aquest per contribuir a la millora del benestar social.<\/p>\n<p><strong>Clients<\/strong><\/p>\n<p>Mercadona; Telef\u00f2nica; Novell; Puig; Fluidra<\/p>\n<h3>RESULTATS<\/h3>\n<h4>Publicacions rellevants<\/h4>\n<ul>\n<li>2014 BIZBarcelona: El que has de saber del mercat abans d\u2019iniciar un negoci.<\/li>\n<li>2014 Congreso Internacional de EMAC: <em><em>Applying conjoint analysis to evaluate the feasibility of launching a new Mercadona clothing line.<\/em><\/em><\/li>\n<li>2013 <em>Un \u00a0m\u00e9todo \u00a0para \u00a0analizar \u00a0la \u00a0reputaci\u00f3n \u00a0online \u00a0de \u00a0la \u00a0marca \u00a0basado \u00a0en \u00a0un \u00a0\u00edndice \u00a0de verosimilitud. <\/em>Revista Electr\u00f3nica de Comunicaciones y Trabajos de ASEPUM. ISSN: 1575-605X.<\/li>\n<li>2012 XII M\u00aa Luisa Sol\u00e9 Moro: <em>Simposio Nacional de profesionales funerarios. Segmentaci\u00f3n emocional y posicionamiento de marca<\/em>. Bogot\u00e1, Colombia.<\/li>\n<li>2012 <em>The Technical Aplication of CRM in the Retail Sector During Times of Recession: The Case of Spain. <\/em>Publicado en el XXVI Congreso Nacional de AEDEM, Barcelona, junio.<\/li>\n<li>2012 Arroyo-Ca\u00f1ada, F.J.; Gil-Lafuente, J. : <em>Considerations of Interactive Digital\u00a0 Television as Advertising Media. Journal of Promotion Management<\/em>, 18(3), 306-318. ISSN: 1049-6491.<\/li>\n<\/ul>\n","protected":false},"excerpt":{"rendered":"<p>Presentaci\u00f3 El\u00a0 grup de recerca en M\u00e0rqueting i Investigacions de Mercats de la Facultat d\u2019Economia i Empresa de la Universitat&#8230;<\/p>\n","protected":false},"author":1,"featured_media":3794,"parent":1469,"menu_order":0,"comment_status":"closed","ping_status":"closed","template":"page-grupsrecerca.php","meta":{"_acf_changed":false,"inline_featured_image":false,"_monsterinsights_skip_tracking":false,"_monsterinsights_sitenote_active":false,"_monsterinsights_sitenote_note":"","_monsterinsights_sitenote_category":0,"footnotes":""},"class_list":["post-2192","page","type-page","status-publish","has-post-thumbnail","hentry"],"acf":[],"_links":{"self":[{"href":"https:\/\/www.fbg.ub.edu\/es\/wp-json\/wp\/v2\/pages\/2192","targetHints":{"allow":["GET"]}}],"collection":[{"href":"https:\/\/www.fbg.ub.edu\/es\/wp-json\/wp\/v2\/pages"}],"about":[{"href":"https:\/\/www.fbg.ub.edu\/es\/wp-json\/wp\/v2\/types\/page"}],"author":[{"embeddable":true,"href":"https:\/\/www.fbg.ub.edu\/es\/wp-json\/wp\/v2\/users\/1"}],"replies":[{"embeddable":true,"href":"https:\/\/www.fbg.ub.edu\/es\/wp-json\/wp\/v2\/comments?post=2192"}],"version-history":[{"count":5,"href":"https:\/\/www.fbg.ub.edu\/es\/wp-json\/wp\/v2\/pages\/2192\/revisions"}],"predecessor-version":[{"id":13791,"href":"https:\/\/www.fbg.ub.edu\/es\/wp-json\/wp\/v2\/pages\/2192\/revisions\/13791"}],"up":[{"embeddable":true,"href":"https:\/\/www.fbg.ub.edu\/es\/wp-json\/wp\/v2\/pages\/1469"}],"wp:featuredmedia":[{"embeddable":true,"href":"https:\/\/www.fbg.ub.edu\/es\/wp-json\/wp\/v2\/media\/3794"}],"wp:attachment":[{"href":"https:\/\/www.fbg.ub.edu\/es\/wp-json\/wp\/v2\/media?parent=2192"}],"curies":[{"name":"wp","href":"https:\/\/api.w.org\/{rel}","templated":true}]}}

Màrqueting i investigacions de mercat

<h3>Presentació</h3>
<p>El  grup de recerca en <em>Màrqueting i Investigacions de Mercats</em> de la Facultat d’Economia i Empresa de la Universitat de Barcelona centra la seva activitat en la millora de l&#8217;aplicació del màrqueting a l&#8217;empresa mitjançant l&#8217;ús de les noves tecnologies de la informació i la comunicació (TIC).</p>
<h3>QUÈ FEM</h3>
<h4>Serveis</h4>
<ul>
<li><strong>Investigació de mercats</strong> tan quantitatius (enquestes) com qualitatius (<em>focus group</em>).</li>
<li><strong>Estudi del comportament de consumidors</strong>: anàlisi dels <em>insights </em>(motius de compra) fins a la comp Treball de confecció de la fitxa del producte.</li>
<li><strong>An</strong><strong>àlisi de producte</strong>: <em>pac</em><em>kaging</em>, anàlisi de portafolis de producte</li>
<li><strong><em>Branding </em></strong>(creació de marques, posicionament, recerca en <em>co-branding</em>&#8230;).</li>
<li><strong>Tècniques de co-creació</strong> de producte</li>
<li><strong>Estudis de <em>customer relationship managment CRM</em></strong>(fidelització de clients).</li>
<li><strong>Estratègies de “<em>pricing</em></strong>”: anàlisi de costos, anàlisi de marges, estratègies i tècniques de fixació de preu</li>
<li><strong>Estudi de distribució: </strong>diagnòstic i propostes de millora (canals de venda, <em>e-commerce</em>, multicanal, <em>merchandising</em>, etc).</li>
<li><strong>Estratègies d’internacionalització.</strong></li>
<li><strong>Estratègies de comunicació:</strong> anàlisi de pressupost per invertir i paràmetres per tal de definir una xifra, comunicació digital (<em>online</em>), publicitat, màrqueting directe, promoció de vendes, relacions públiques, disseny del <em>briefing </em>i el pla de comunicació.</li>
<li><strong>Comercialització:</strong> anàlisi de l’equip comercial, anàlisi de llocs de treball, rendibilitat de la xarxes de vendes, formació dels venedors, retribució i motivació, tècniques de lideratge d’equips i <em>coaching</em>.</li>
</ul>
<p>&nbsp;</p>
<h3>PER A QUI TREBALLEM</h3>
<h4>Sectors industrials</h4>
<p>Màrqueting i TICs a l’empresa; màrqueting social; gran consum; serveis industrials;  productes industrials.</p>
<p>El grup treballa en el disseny d’una nova metodologia pel màrqueting mitjançant l&#8217;ús de les TICs i en l’anàlisi de les possibilitats d’aquest per contribuir a la millora del benestar social.</p>
<p><strong>Clients</strong></p>
<p>Mercadona; Telefònica; Novell; Puig; Fluidra</p>
<h3>RESULTATS</h3>
<h4>Publicacions rellevants</h4>
<ul>
<li>2014 BIZBarcelona: El que has de saber del mercat abans d’iniciar un negoci.</li>
<li>2014 Congreso Internacional de EMAC: <em><em>Applying conjoint analysis to evaluate the feasibility of launching a new Mercadona clothing line.</em></em></li>
<li>2013 <em>Un  método  para  analizar  la  reputación  online  de  la  marca  basado  en  un  índice  de verosimilitud. </em>Revista Electrónica de Comunicaciones y Trabajos de ASEPUM. ISSN: 1575-605X.</li>
<li>2012 XII Mª Luisa Solé Moro: <em>Simposio Nacional de profesionales funerarios. Segmentación emocional y posicionamiento de marca</em>. Bogotá, Colombia.</li>
<li>2012 <em>The Technical Aplication of CRM in the Retail Sector During Times of Recession: The Case of Spain. </em>Publicado en el XXVI Congreso Nacional de AEDEM, Barcelona, junio.</li>
<li>2012 Arroyo-Cañada, F.J.; Gil-Lafuente, J. : <em>Considerations of Interactive Digital  Television as Advertising Media. Journal of Promotion Management</em>, 18(3), 306-318. ISSN: 1049-6491.</li>
</ul>

<p>Presentació El  grup de recerca en Màrqueting i Investigacions de Mercats de la Facultat d’Economia i Empresa de la Universitat&#8230;</p>
